{"id":13,"date":"2020-11-16T22:34:51","date_gmt":"2020-11-17T01:34:51","guid":{"rendered":"http:\/\/myrobot.com.py\/?page_id=13"},"modified":"2022-07-12T17:13:51","modified_gmt":"2022-07-12T20:13:51","slug":"contato","status":"publish","type":"page","link":"https:\/\/myrobot.com.py\/?page_id=13","title":{"rendered":"Contacto"},"content":{"rendered":"\r\n<div class=\"contact\">\r\n    <div class=\"contact-item\">\r\n        <svg class=\"contact-item__icon\">\r\n            <use href=\"#phone\"><\/use>\r\n        <\/svg>\r\n        <div class=\"contact-item__text\">\r\n            <a href=\"tel:551932315005\">+595 993290288<\/a>\r\n        <\/div>\r\n    <\/div>\r\n    <div class=\"contact-item\">\r\n        <svg class=\"contact-item__icon\">\r\n            <use href=\"#mail\"><\/use>\r\n        <\/svg>\r\n        <div class=\"contact-item__text\">\r\n            <a href=\"mailto:contato@myrobot.com.py\">diretoriamaker@gmail.com<\/a>\r\n        <\/div>\r\n    <\/div>\r\n    <!-- <div class=\"contact-item\">\r\n        <svg class=\"contact-item__icon\">\r\n            <use href=\"#pin\"><\/use>\r\n        <\/svg>\r\n        <div class=\"contact-item__text d-inline-block\">\r\n            <a href=\"https:\/\/goo.gl\/maps\/YkVMxhBbFZiaXd6s9\" target=\"_blank\" rel=\"noreferrer noopener\" class=\"d-inline-block\">\r\n                Rua Santa Cruz, 45 \u2013 Cambu\u00ed \u2013 Campinas\/SP<br>CEP: 000000-000\r\n                <svg xmlns=\"http:\/\/www.w3.org\/2000\/svg\" xmlns:xlink=\"http:\/\/www.w3.org\/1999\/xlink\" x=\"0px\" y=\"0px\" viewBox=\"0 0 511.626 511.627\" xml:space=\"preserve\" style=\"enable-background:new 0 0 511.626 511.627;display:block;width:1rem;height:1rem;fill:#f36c21;display:inline-flex\">\r\n                    <g>\r\n                        <path d=\"M392.857,292.354h-18.274c-2.669,0-4.859,0.855-6.563,2.573c-1.718,1.708-2.573,3.897-2.573,6.563v91.361    c0,12.563-4.47,23.315-13.415,32.262c-8.945,8.945-19.701,13.414-32.264,13.414H82.224c-12.562,0-23.317-4.469-32.264-13.414    c-8.945-8.946-13.417-19.698-13.417-32.262V155.31c0-12.562,4.471-23.313,13.417-32.259c8.947-8.947,19.702-13.418,32.264-13.418    h200.994c2.669,0,4.859-0.859,6.57-2.57c1.711-1.713,2.566-3.9,2.566-6.567V82.221c0-2.662-0.855-4.853-2.566-6.563    c-1.711-1.713-3.901-2.568-6.57-2.568H82.224c-22.648,0-42.016,8.042-58.102,24.125C8.042,113.297,0,132.665,0,155.313v237.542    c0,22.647,8.042,42.018,24.123,58.095c16.086,16.084,35.454,24.13,58.102,24.13h237.543c22.647,0,42.017-8.046,58.101-24.13    c16.085-16.077,24.127-35.447,24.127-58.095v-91.358c0-2.669-0.856-4.859-2.574-6.57    C397.709,293.209,395.519,292.354,392.857,292.354z\">\r\n                        <\/path>\r\n                        <path d=\"M506.199,41.971c-3.617-3.617-7.905-5.424-12.85-5.424H347.171c-4.948,0-9.233,1.807-12.847,5.424    c-3.617,3.615-5.428,7.898-5.428,12.847s1.811,9.233,5.428,12.85l50.247,50.248L198.424,304.067    c-1.906,1.903-2.856,4.093-2.856,6.563c0,2.479,0.953,4.668,2.856,6.571l32.548,32.544c1.903,1.903,4.093,2.852,6.567,2.852    s4.665-0.948,6.567-2.852l186.148-186.148l50.251,50.248c3.614,3.617,7.898,5.426,12.847,5.426s9.233-1.809,12.851-5.426    c3.617-3.616,5.424-7.898,5.424-12.847V54.818C511.626,49.866,509.813,45.586,506.199,41.971z\">\r\n                        <\/path>\r\n                    <\/g>\r\n                <\/svg>\r\n            <\/a>\r\n        <\/div>\r\n    <\/div> -->\r\n<\/div>\r\n\r\n\r\n\r\n<h2 id=\"entre-en-contacto\"><strong>Entre en contacto<\/strong><\/h2>\r\n\r\n\r\n<div role=\"form\" class=\"wpcf7\" id=\"wpcf7-f5-o1\" lang=\"pt-BR\" dir=\"ltr\">\n<div class=\"screen-reader-response\"><p role=\"status\" aria-live=\"polite\" aria-atomic=\"true\"><\/p> <ul><\/ul><\/div>\n<form action=\"\/index.php?rest_route=%2Fwp%2Fv2%2Fpages%2F13#wpcf7-f5-o1\" method=\"post\" class=\"wpcf7-form init\" novalidate=\"novalidate\" data-status=\"init\">\n<div style=\"display: none;\">\n<input type=\"hidden\" name=\"_wpcf7\" value=\"5\" \/>\n<input type=\"hidden\" name=\"_wpcf7_version\" value=\"5.6\" \/>\n<input type=\"hidden\" name=\"_wpcf7_locale\" value=\"pt_BR\" \/>\n<input type=\"hidden\" name=\"_wpcf7_unit_tag\" value=\"wpcf7-f5-o1\" \/>\n<input type=\"hidden\" name=\"_wpcf7_container_post\" value=\"0\" \/>\n<input type=\"hidden\" name=\"_wpcf7_posted_data_hash\" value=\"\" \/>\n<input type=\"hidden\" name=\"_wpcf7_recaptcha_response\" value=\"\" \/>\n<\/div>\n<div class=\"row\">\n    <div class=\"col-md-6\">\n        <label> Nombre <span class=\"wpcf7-form-control-wrap\" data-name=\"myr-name\"><input type=\"text\" name=\"myr-name\" value=\"\" size=\"40\" class=\"wpcf7-form-control wpcf7-text wpcf7-validates-as-required\" aria-required=\"true\" aria-invalid=\"false\" placeholder=\"John Doe\" \/><\/span> <\/label>\n    <\/div>\n    <div class=\"col-md-6\">\n        <label> E-mail <span class=\"wpcf7-form-control-wrap\" data-name=\"myr-email\"><input type=\"email\" name=\"myr-email\" value=\"\" size=\"40\" class=\"wpcf7-form-control wpcf7-text wpcf7-email wpcf7-validates-as-required wpcf7-validates-as-email\" aria-required=\"true\" aria-invalid=\"false\" placeholder=\"sue-mail@email.com\" \/><\/span> <\/label>\n    <\/div>\n<\/div>\n\n<div class=\"row\">\n    <div class=\"col-md-6\">\n        <label> Tel\u00e9fono <span class=\"wpcf7-form-control-wrap\" data-name=\"myr-phone\"><input type=\"text\" name=\"myr-phone\" value=\"\" size=\"40\" class=\"wpcf7-form-control wpcf7-text wpcf7-validates-as-required phone-mask\" aria-required=\"true\" aria-invalid=\"false\" placeholder=\"(00) 00000-0000\" \/><\/span> <\/label>\n    <\/div>\n    <div class=\"col-md-6\">\n        <label> Tel\u00e9fono <span class=\"wpcf7-form-control-wrap\" data-name=\"myr-unidade\"><select name=\"myr-unidade\" class=\"wpcf7-form-control wpcf7-select wpcf7-validates-as-required\" aria-required=\"true\" aria-invalid=\"false\"><option value=\"\">Seleccione la unidad deseada<\/option><option value=\"\u00c1guas Claras\">\u00c1guas Claras<\/option><option value=\"Alphaville\">Alphaville<\/option><option value=\"Ararangu\u00e1\">Ararangu\u00e1<\/option><option value=\"Araraquara\">Araraquara<\/option><option value=\"Campinas\">Campinas<\/option><option value=\"Campo Mour\u00e3o\">Campo Mour\u00e3o<\/option><option value=\"Cascavel\">Cascavel<\/option><option value=\"Crici\u00fama\">Crici\u00fama<\/option><option value=\"Dourados\">Dourados<\/option><option value=\"Goi\u00e2nia\">Goi\u00e2nia<\/option><option value=\"Joinville\">Joinville<\/option><option value=\"Maring\u00e1\">Maring\u00e1<\/option><option value=\"Palotina\">Palotina<\/option><option value=\"Porto Alegre\">Porto Alegre<\/option><option value=\"Presidente Prudente\">Presidente Prudente<\/option><option value=\"Ribeir\u00e3o Preto\">Ribeir\u00e3o Preto<\/option><option value=\"Salvador\">Salvador<\/option><option value=\"Taguatinga\">Taguatinga<\/option><option value=\"Tatu\u00ed\">Tatu\u00ed<\/option><option value=\"Vicente Pires\">Vicente Pires<\/option><\/select><\/span> <\/label>\n    <\/div>\n<\/div>\n\n<div class=\"row\">\n    <div class=\"col\">\n        <label> Ingresa m\u00e1s informaci\u00f3n sobre el tema <span class=\"wpcf7-form-control-wrap\" data-name=\"myr-message\"><textarea name=\"myr-message\" cols=\"40\" rows=\"10\" class=\"wpcf7-form-control wpcf7-textarea wpcf7-validates-as-required\" aria-required=\"true\" aria-invalid=\"false\" placeholder=\"Mensaje\"><\/textarea><\/span> <\/label>\n    <\/div>\n<\/div>\n\n<div class=\"row justify-content-end\">\n    <div class=\"col-md-3\">\n        <input type=\"submit\" value=\"Mandar\" class=\"wpcf7-form-control has-spinner wpcf7-submit\" \/>\n    <\/div>\n<\/div><div class=\"wpcf7-response-output\" aria-hidden=\"true\"><\/div><\/form><\/div>\n","protected":false},"excerpt":{"rendered":"<p>+595 993290288 diretoriamaker@gmail.com Entre en contacto<\/p>\n","protected":false},"author":1,"featured_media":272,"parent":0,"menu_order":0,"comment_status":"closed","ping_status":"open","template":"","meta":[],"acf":[],"yoast_head":"<!-- This site is optimized with the Yoast SEO plugin v19.2 - https:\/\/yoast.com\/wordpress\/plugins\/seo\/ -->\n<title>Entrar em contato - My Robot School<\/title>\n<meta name=\"description\" content=\"Preencha o formul\u00e1rio para entrar em contato direto com a unidade que voc\u00ea deseja saber mais informa\u00e7\u00f5es.\" \/>\n<meta name=\"robots\" content=\"index, follow, max-snippet:-1, max-image-preview:large, max-video-preview:-1\" \/>\n<link rel=\"canonical\" href=\"https:\/\/myrobot.com.py\/?page_id=13\" \/>\n<meta property=\"og:locale\" content=\"pt_BR\" \/>\n<meta property=\"og:type\" content=\"article\" \/>\n<meta property=\"og:title\" content=\"Entrar em contato - My Robot School\" \/>\n<meta property=\"og:description\" content=\"Preencha o formul\u00e1rio para entrar em contato direto com a unidade que voc\u00ea deseja saber mais informa\u00e7\u00f5es.\" \/>\n<meta property=\"og:url\" content=\"https:\/\/myrobot.com.py\/?page_id=13\" \/>\n<meta property=\"og:site_name\" content=\"My Robot School\" \/>\n<meta property=\"article:modified_time\" content=\"2022-07-12T20:13:51+00:00\" \/>\n<meta property=\"og:image\" content=\"http:\/\/myrobot.com.py\/wp-content\/uploads\/2021\/03\/bg-contato-outro.jpg\" \/>\n\t<meta property=\"og:image:width\" content=\"1600\" \/>\n\t<meta property=\"og:image:height\" content=\"561\" \/>\n\t<meta property=\"og:image:type\" content=\"image\/jpeg\" \/>\n<meta name=\"author\" content=\"Matheus\" \/>\n<meta name=\"twitter:card\" content=\"summary_large_image\" \/>\n<meta name=\"twitter:label1\" content=\"Est. tempo de leitura\" \/>\n\t<meta name=\"twitter:data1\" content=\"1 minuto\" \/>\n<script type=\"application\/ld+json\" class=\"yoast-schema-graph\">{\"@context\":\"https:\/\/schema.org\",\"@graph\":[{\"@type\":\"Organization\",\"@id\":\"https:\/\/myrobot.com.py\/#organization\",\"name\":\"My Robot\",\"url\":\"https:\/\/myrobot.com.py\/\",\"sameAs\":[],\"logo\":{\"@type\":\"ImageObject\",\"inLanguage\":\"pt-BR\",\"@id\":\"https:\/\/myrobot.com.py\/#\/schema\/logo\/image\/\",\"url\":\"http:\/\/myrobot.com.py\/wp-content\/uploads\/2021\/01\/logo.png\",\"contentUrl\":\"http:\/\/myrobot.com.py\/wp-content\/uploads\/2021\/01\/logo.png\",\"width\":300,\"height\":74,\"caption\":\"My Robot\"},\"image\":{\"@id\":\"https:\/\/myrobot.com.py\/#\/schema\/logo\/image\/\"}},{\"@type\":\"WebSite\",\"@id\":\"https:\/\/myrobot.com.py\/#website\",\"url\":\"https:\/\/myrobot.com.py\/\",\"name\":\"My Robot School\",\"description\":\"\",\"publisher\":{\"@id\":\"https:\/\/myrobot.com.py\/#organization\"},\"potentialAction\":[{\"@type\":\"SearchAction\",\"target\":{\"@type\":\"EntryPoint\",\"urlTemplate\":\"https:\/\/myrobot.com.py\/?s={search_term_string}\"},\"query-input\":\"required name=search_term_string\"}],\"inLanguage\":\"pt-BR\"},{\"@type\":\"ImageObject\",\"inLanguage\":\"pt-BR\",\"@id\":\"https:\/\/myrobot.com.py\/?page_id=13#primaryimage\",\"url\":\"https:\/\/myrobot.com.py\/wp-content\/uploads\/2021\/03\/bg-contato-outro.jpg\",\"contentUrl\":\"https:\/\/myrobot.com.py\/wp-content\/uploads\/2021\/03\/bg-contato-outro.jpg\",\"width\":1600,\"height\":561},{\"@type\":\"WebPage\",\"@id\":\"https:\/\/myrobot.com.py\/?page_id=13#webpage\",\"url\":\"https:\/\/myrobot.com.py\/?page_id=13\",\"name\":\"Entrar em contato - My Robot School\",\"isPartOf\":{\"@id\":\"https:\/\/myrobot.com.py\/#website\"},\"primaryImageOfPage\":{\"@id\":\"https:\/\/myrobot.com.py\/?page_id=13#primaryimage\"},\"datePublished\":\"2020-11-17T01:34:51+00:00\",\"dateModified\":\"2022-07-12T20:13:51+00:00\",\"description\":\"Preencha o formul\u00e1rio para entrar em contato direto com a unidade que voc\u00ea deseja saber mais informa\u00e7\u00f5es.\",\"breadcrumb\":{\"@id\":\"https:\/\/myrobot.com.py\/?page_id=13#breadcrumb\"},\"inLanguage\":\"pt-BR\",\"potentialAction\":[{\"@type\":\"ReadAction\",\"target\":[\"https:\/\/myrobot.com.py\/?page_id=13\"]}]},{\"@type\":\"BreadcrumbList\",\"@id\":\"https:\/\/myrobot.com.py\/?page_id=13#breadcrumb\",\"itemListElement\":[{\"@type\":\"ListItem\",\"position\":1,\"name\":\"Home\",\"item\":\"https:\/\/myrobot.com.py\/\"},{\"@type\":\"ListItem\",\"position\":2,\"name\":\"Contacto\"}]}]}<\/script>\n<!-- \/ Yoast SEO plugin. -->","yoast_head_json":{"title":"Entrar em contato - My Robot School","description":"Preencha o formul\u00e1rio para entrar em contato direto com a unidade que voc\u00ea deseja saber mais informa\u00e7\u00f5es.","robots":{"index":"index","follow":"follow","max-snippet":"max-snippet:-1","max-image-preview":"max-image-preview:large","max-video-preview":"max-video-preview:-1"},"canonical":"https:\/\/myrobot.com.py\/?page_id=13","og_locale":"pt_BR","og_type":"article","og_title":"Entrar em contato - My Robot School","og_description":"Preencha o formul\u00e1rio para entrar em contato direto com a unidade que voc\u00ea deseja saber mais informa\u00e7\u00f5es.","og_url":"https:\/\/myrobot.com.py\/?page_id=13","og_site_name":"My Robot School","article_modified_time":"2022-07-12T20:13:51+00:00","og_image":[{"width":1600,"height":561,"url":"http:\/\/myrobot.com.py\/wp-content\/uploads\/2021\/03\/bg-contato-outro.jpg","type":"image\/jpeg"}],"author":"Matheus","twitter_card":"summary_large_image","twitter_misc":{"Est. tempo de leitura":"1 minuto"},"schema":{"@context":"https:\/\/schema.org","@graph":[{"@type":"Organization","@id":"https:\/\/myrobot.com.py\/#organization","name":"My Robot","url":"https:\/\/myrobot.com.py\/","sameAs":[],"logo":{"@type":"ImageObject","inLanguage":"pt-BR","@id":"https:\/\/myrobot.com.py\/#\/schema\/logo\/image\/","url":"http:\/\/myrobot.com.py\/wp-content\/uploads\/2021\/01\/logo.png","contentUrl":"http:\/\/myrobot.com.py\/wp-content\/uploads\/2021\/01\/logo.png","width":300,"height":74,"caption":"My Robot"},"image":{"@id":"https:\/\/myrobot.com.py\/#\/schema\/logo\/image\/"}},{"@type":"WebSite","@id":"https:\/\/myrobot.com.py\/#website","url":"https:\/\/myrobot.com.py\/","name":"My Robot School","description":"","publisher":{"@id":"https:\/\/myrobot.com.py\/#organization"},"potentialAction":[{"@type":"SearchAction","target":{"@type":"EntryPoint","urlTemplate":"https:\/\/myrobot.com.py\/?s={search_term_string}"},"query-input":"required name=search_term_string"}],"inLanguage":"pt-BR"},{"@type":"ImageObject","inLanguage":"pt-BR","@id":"https:\/\/myrobot.com.py\/?page_id=13#primaryimage","url":"https:\/\/myrobot.com.py\/wp-content\/uploads\/2021\/03\/bg-contato-outro.jpg","contentUrl":"https:\/\/myrobot.com.py\/wp-content\/uploads\/2021\/03\/bg-contato-outro.jpg","width":1600,"height":561},{"@type":"WebPage","@id":"https:\/\/myrobot.com.py\/?page_id=13#webpage","url":"https:\/\/myrobot.com.py\/?page_id=13","name":"Entrar em contato - My Robot School","isPartOf":{"@id":"https:\/\/myrobot.com.py\/#website"},"primaryImageOfPage":{"@id":"https:\/\/myrobot.com.py\/?page_id=13#primaryimage"},"datePublished":"2020-11-17T01:34:51+00:00","dateModified":"2022-07-12T20:13:51+00:00","description":"Preencha o formul\u00e1rio para entrar em contato direto com a unidade que voc\u00ea deseja saber mais informa\u00e7\u00f5es.","breadcrumb":{"@id":"https:\/\/myrobot.com.py\/?page_id=13#breadcrumb"},"inLanguage":"pt-BR","potentialAction":[{"@type":"ReadAction","target":["https:\/\/myrobot.com.py\/?page_id=13"]}]},{"@type":"BreadcrumbList","@id":"https:\/\/myrobot.com.py\/?page_id=13#breadcrumb","itemListElement":[{"@type":"ListItem","position":1,"name":"Home","item":"https:\/\/myrobot.com.py\/"},{"@type":"ListItem","position":2,"name":"Contacto"}]}]}},"_links":{"self":[{"href":"https:\/\/myrobot.com.py\/index.php?rest_route=\/wp\/v2\/pages\/13"}],"collection":[{"href":"https:\/\/myrobot.com.py\/index.php?rest_route=\/wp\/v2\/pages"}],"about":[{"href":"https:\/\/myrobot.com.py\/index.php?rest_route=\/wp\/v2\/types\/page"}],"author":[{"embeddable":true,"href":"https:\/\/myrobot.com.py\/index.php?rest_route=\/wp\/v2\/users\/1"}],"replies":[{"embeddable":true,"href":"https:\/\/myrobot.com.py\/index.php?rest_route=%2Fwp%2Fv2%2Fcomments&post=13"}],"version-history":[{"count":21,"href":"https:\/\/myrobot.com.py\/index.php?rest_route=\/wp\/v2\/pages\/13\/revisions"}],"predecessor-version":[{"id":528,"href":"https:\/\/myrobot.com.py\/index.php?rest_route=\/wp\/v2\/pages\/13\/revisions\/528"}],"wp:featuredmedia":[{"embeddable":true,"href":"https:\/\/myrobot.com.py\/index.php?rest_route=\/wp\/v2\/media\/272"}],"wp:attachment":[{"href":"https:\/\/myrobot.com.py\/index.php?rest_route=%2Fwp%2Fv2%2Fmedia&parent=13"}],"curies":[{"name":"wp","href":"https:\/\/api.w.org\/{rel}","templated":true}]}}